 What are the prime factors of j?
2, 3
Let k = -5056 - -8488. What are the prime factors of k?
2, 3, 11, 13
Suppose 0 = 5*c - 3048 - 1187. List the prime factors of c.
7, 11
Let k = 2 - 2. Let y = -40 + 46. Suppose t - y = -k. List the prime factors of t.
2, 3
Let d = 1361 - 902. What are the prime factors of d?
3, 17
Let k be 5 - (-1*4)/(-4). Let s be 4*(-2)/k + 2. Suppose -5*f + 5 = -2*a - 9, s = -3*a - 5*f + 29. What are the prime factors of a?
3
Let l(r) = -r**2 - 7*r + 1. Let n be l(-7). Let o be (2 + n)/((-3)/(-2)). Suppose o*h = 27 - 9. What are the prime factors of h?
3
Suppose 0 = 4*i - 5*p - 50, 0*i = -i - 3*p + 4. Suppose -r + 2 = -2. Suppose 2*l + i = r*l. List the prime factors of l.
5
Let c = -30 + 65. Let q = -28 + c. Suppose 4*l - f = 37, -3*f = 5*l - q*f - 49. List the prime factors of l.
3
Suppose -8*r - 1049 + 4497 = 0. Let f = r + -223. What are the prime factors of f?
2, 13
Suppose -5*g - 3*c + 5551 = -7114, -4*c + 12660 = 5*g. What are the prime factors of g?
2, 317
Suppose -4*d - 6*k + 972 = -10*k, 0 = 2*d - k - 488. What are the prime factors of d?
5, 7
Let r(k) = 43*k - 4. What are the prime factors of r(29)?
11, 113
Suppose 0*t + 12 = 3*t. Suppose -3*j - 2 - 1 = 0, 527 = t*g + j. List the prime factors of g.
2, 3, 11
Suppose -c + 2 = 2*q, -4*q + 11 = 3*c + 5. Suppose q = 7*o - 9*o + 34. List the prime factors of o.
17
Let b = -2240 - -2681. What are the prime factors of b?
3, 7
What are the prime factors of (2554/(-3))/((-1040)/(-180) + -6)?
3, 1277
Suppose 2*o + 2*o = 376. Suppose -36 = 169*j - 173*j. Suppose -5*w - j = -o. What are the prime factors of w?
17
Suppose -5*z = -2*j - 3*j - 20, 4*z + 2 = 2*j. Let b = 26 + j. Let h = b + 8. List the prime factors of h.
5
Let c = 29 - 25. Suppose -c*x + 68 = -104. What are the prime factors of x?
43
Suppose -20 = -5*k + 5, -3*w - k = -17. What are the prime factors of (-2)/(-2) - -80 - w?
7, 11
Let c(k) = -723*k**3 + 9*k**2 + 6*k + 14. List the prime factors of c(-2).
2, 41, 71
Suppose 281 = -2*h + 1687. List the prime factors of h.
19, 37
Let r(p) = -27*p - 7. Let t = -139 + 129. List the prime factors of r(t).
263
Suppose a + 4 = 2*a. Suppose 9*q - 25 = a*q. Suppose -q*b + 32 + 13 = 0. List the prime factors of b.
3
Suppose 0*g = -2*n - 4*g - 422, 3*n + 663 = 4*g. Let p = -143 - n. List the prime factors of p.
2, 37
Suppose g + 2*m - 1205 = 0, 8*m - 13*m = -2*g + 2419. List the prime factors of g.
17, 71
Let j be ((-1)/2)/(1/(-6)). Suppose 4*q + j*r = 43, -q + r + 22 = -2*r. Let s = 14 + q. What are the prime factors of s?
3
Let j(l) = -131*l - 92. List the prime factors of j(-4).
2, 3
Let l = 1426 - 920. What are the prime factors of l?
2, 11, 23
Let d = 2267 + -1515. What are the prime factors of d?
2, 47
Let k = -82 + 42. List the prime factors of 15*(4 + k/15).
2, 5
Let o(v) = -v**3 - 13*v**2 - 11*v + 64. What are the prime factors of o(-15)?
7, 97
Suppose 0 = -2*s - 2*s - 16, -s = 3*q + 40. List the prime factors of 1*q/28*-7.
3
Let o(f) = 24*f - 1. Let y be o(1). Suppose 3*g - 2*g = 5*t + 45, 2*g + 2*t = 90. Let s = g - y. What are the prime factors of s?
2, 11
Let q(p) = 7*p**2 - 27*p - 17. List the prime factors of q(-28).
13, 479
Suppose 5*h + 231 = 2*g, 3*h - h + 78 = -4*g. Let y = 85 + h. What are the prime factors of y?
2, 5
Suppose -3*s - 1329 = -3*l, -l - 9*s + 423 = -5*s. What are the prime factors of l?
439
Let x be (-17)/(-68) - 1099/(-4). Suppose x = 3*s - 127. What are the prime factors of s?
2, 67
List the prime factors of (2 - (0 - 639)) + -255 + 253.
3, 71
Let l = 13 + -10. Suppose -o = -l*o + 18. What are the prime factors of o?
3
Let j = 17 + -17. Suppose 15 = 5*l - x, -4*l + 2*x + 12 = -j*x. Suppose -5*s + 3*q - q + 16 = 0, 3*s + 3 = -l*q. List the prime factors of s.
2
What are the prime factors of (16898/(-85))/(4/(-10))?
7, 71
Suppose 5*k + 0*n = -4*n - 112, 0 = 2*k + 3*n + 49. List the prime factors of (19944/k)/(-6) + 1/(-5).
2, 83
Let k = 37 + -34. Suppose -2*j + k*b = 2*b - 104, 5*j - 249 = -3*b. What are the prime factors of j?
3, 17
Suppose 12 = -4*z, -130 = -3*k - 2*z + 527. List the prime factors of k.
13, 17
Suppose 2264 = -12*m + 16*m. List the prime factors of m.
2, 283
Suppose 0 = 19*u - 5965 - 27646. What are the prime factors of u?
29, 61
Let i be -6*((-1)/2 - 0/(-4)). List the prime factors of 6*i*(30/4 - 2).
3, 11
Suppose 3*j - 4*p - 5492 = 0, -12*j - 5500 = -15*j - 4*p. List the prime factors of j.
2, 229
Let p = 105 - 105. Suppose 112 = 2*t - p*t. What are the prime factors of t?
2, 7
Let f(p) = -p - 8. Let w be f(-8). Suppose w = -4*h + s - 4, 2*h + 2 = -3*s - 0. List the prime factors of h + 10 - 5/(-5).
2, 5
Let t = 23 - 38. Let w = 18 + t. Suppose -166 = -5*m + w*m. What are the prime factors of m?
83
Let u be 1/((-2)/94) - -1. Let s = -15 - u. What are the prime factors of s?
31
Let m = 2434 + -1126. What are the prime factors of m?
2, 3, 109
Suppose -13188 = -2*i - 19*i. List the prime factors of i.
2, 157
Let f(g) = -6*g - 10. Suppose 3 = -y, s + 25 + 14 = -5*y. Let d = 17 + s. List the prime factors of f(d).
2
Suppose -4*z - 4*v + 16 = 0, -z - z + 5*v = 6. Suppose 0*d = 5*u + z*d - 393, -d = -u + 73. Let x = u + -53. List the prime factors of x.
2, 3
Let m be (-2)/(-3) - (-10)/(-15). Suppose 4*f + 0*f - 204 = m. Suppose l = 4*l - f. What are the prime factors of l?
17
Let d(u) = 365*u + 2. List the prime factors of d(3).
1097
Suppose -5*o + 1352 + 1383 = 0. List the prime factors of o.
547
Let r(w) = 48*w + 773. What are the prime factors of r(6)?
1061
Let d = 1107 + -251. List the prime factors of d.
2, 107
Let l(c) = c + 8. Let f be l(0). Let d = f + 174. What are the prime factors of d?
2, 7, 13
Let v = 39 - 26. Suppose t + 2*m - 12 = 6*m, t + v = -m. List the prime factors of (t + -12)*1/(-2).
2, 5
Suppose 3*h = 2*v - 343, 3*v + 2*h = 6*h + 515. Suppose 5*c - v = 47. What are the prime factors of c?
2, 11
Let v(a) = 24*a + 14. Let u(q) = q + 1. Let w(b) = 10*u(b) - v(b). Suppose -1122*t + 1124*t = -10. What are the prime factors of w(t)?
2, 3, 11
Suppose -4536 - 910 = -14*r. What are the prime factors of r?
389
List the prime factors of ((-3141)/(-3))/(4 + (1 - 4)).
3, 349
Let r(y) = y**2 - 8*y + 14. Let m be r(6). Suppose 5*p + 253 = m*z, 3*z - p = -2*z + 598. List the prime factors of z.
7, 17
Let g = 28 - 24. Suppose -1 = s + g. Let z(q) = 2*q**2 + q + 2. List the prime factors of z(s).
47
Let f = 37 + -42. Let w(s) = 2*s**2 - 4*s + 10. List the prime factors of w(f).
2, 5
Let r be 2 + (-6530 + 2)/(-4). Let g be r/14 + 2/7. Suppose -g - 28 = -5*c. List the prime factors of c.
29
Let u = -2 + 7. Suppose -4*n + 15 = -u. Suppose -45 = n*y - 8*y. What are the prime factors of y?
3, 5
Let l(f) = f**3 + 8*f**2 + 2*f - 5. Suppose -2*n + 4 = -6. Suppose x = 3*x - 5*c + n, -x + 5*c = 0. What are the prime factors of l(x)?
2, 3, 5
Let u = -24 - -12. Let i be (u/(-15))/((-1)/(-25)). Suppose 0 = -5*p + i, -4*q = 2*p - p - 152. What are the prime factors of q?
37
Let p = -2147 + 2234. List the prime factors of p.
3, 29
Suppose -3*l = -4*x + 24, -6*x + 3*x = -9. Suppose -75 = -3*c + 39. Let j = l + c. What are the prime factors of j?
2, 17
Let l = 157 + -53. What are the prime factors of l?
2, 13
List the prime factors of 54*(12 + 1192/16).
3, 173
Let y be 2*1/(-8)*-28. Suppose 187 - 502 = -y*z. What are the prime factors of z?
3, 5
Let f = -25 - -35. Suppose 4*z - 5 = -t, t = 2*z - t - f. Suppose -4*a + z*l = -10, 2 = -4*l - 2. List the prime factors of a.
2
Suppose 0 = 3*q - 7*q + 68. List the prime factors of q.
17
Let w(v) = 31*v**2 + 20*v**2 + 3*v + 27 - 25 - 15*v**2. What are the prime factors of w(-1)?
5, 7
Suppose 92*f = 82*f + 1920. What are the prime factors of f?
2, 3
Let c = 3 - -1. List the prime factors of 1*2 + c*(-133)/(-14).
2, 5
Let n(l) = -6*l**2 + 5*l**2 + 9*l + l - 2 + 3*l. What are the prime factors of n(6)?
2, 5
Let q = 14 + -14. Suppose q = 28*x - 31*x + 303. List the prime factors of x.
101
Suppose 6*t - 520 = 5*t. List the prime factors of t.
2, 5, 13
Let z(j) = j**3 - 3*j**2 + 2*j - 6. Let h be z(3). Suppose 14*t - 9*t - 90 = h. What are the prime factors of t?
2, 3
Suppose 2*i = -3*o + 718 + 1480, 0 = 4*i + o - 4386. List the prime factors of i.
2, 137
Let h(f) = -2*f**3 - 20*f**2 + 52*f - 17